Is q + (3 - 2/1) prime?
False
Is (-2)/(-4) - (-6363)/6 a prime number?
True
Let y = 76 + -154. Suppose 2*f - a - 222 = 0, 2*f + 5*a - 198 = -0*f. Let m = y + f. Is m prime?
True
Suppose 0 = -3*r - 9*r + 14556. Is r composite?
False
Suppose 0 = 2*m + 3*m - 10. Suppose 2*u - 671 = -3*u - 3*a, m*u - 3*a = 260. Is u a composite number?
True
Suppose 5*i - 1670 - 575 = 0. Is i prime?
True
Suppose -5*l + 279 = -186. Let r(b) = 3*b**2 - 7*b + 6. Let q be r(5). Let z = l - q. Is z prime?
True
Let s be 27/5 - (-6)/(-15). Suppose -s*v = -2*v + 162. Let l = 173 + v. Is l prime?
False
Suppose g - 173 = -5*n, 0*n - g = -5*n + 177. Is n composite?
True
Let h(o) = -2*o + 9. Let k be h(6). Let z = k + 14. Is z a composite number?
False
Let d(o) = -o - 16. Let n be d(-13). Is (2/n)/((-14)/4179) a composite number?
False
Suppose 13*x + 688 = 3587. Is x composite?
False
Suppose -v + 5*o + 12 = -10, 3*v + 4*o - 9 = 0. Is v prime?
True
Suppose -2*o = 2*o - 1060. Suppose -3*y = 2*y - o. Is y a composite number?
False
Let k(o) = -o**2 + 6*o - 8. Let s be k(5). Is (62/s)/(2/(-3)) a prime number?
True
Let d(p) be the second derivative of p**3/6 - 7*p**2/2 - p. Let y be d(9). Is 56 - (y - 0)*-1 prime?
False
Let w = 20 + 6. Is w composite?
True
Suppose 0 = -6*t + 5*t + 115. Is t prime?
False
Let z be (0 - -2)/(6/351). Let q = z - 52. Is q composite?
True
Let c(f) = -21*f - 3. Let i(y) = y**3 - 2. Let v be i(0). Is c(v) a prime number?
False
Let o(t) = -2. Let m(j) = 3*j + 12. Let g(f) = 2*m(f) + 10*o(f). Is g(7) a composite number?
True
Is (-1 - -128)*(0 + -6 - -8) composite?
True
Let c = 4003 - 938. Is c prime?
False
Let q(y) = 9*y**2 + 5*y - 7. Let g be q(-5). Let t = g - -16. Is t prime?
False
Let b be 21/2 + (-1)/(-2). Let t = b - 1. Is -1 + t + (1 - 3) a composite number?
False
Suppose -5*x + 0*x + w = 35, -4*x - 7 = -5*w. Is x/12*(-771)/2 composite?
False
Suppose 3*f - 8 = -f. Let b(w) = w**3 + 3*w**2 + w + 1. Let m be b(-2). Suppose -66 = -m*p - j, -9 = -f*j - 3. Is p prime?
False
Let t be (0 + 1 - 3) + 0. Let c(y) = -29*y - 3. Is c(t) composite?
True
Let k be 249/18 + 1/6. Let a(d) = 7*d - 3. Is a(k) prime?
False
Let o be 1*-1 + (-1 - -14). Is 2/12 + 178/o prime?
False
Let d(k) = 3*k**2 + 8*k - 6. Is d(5) composite?
False
Suppose -9*t = -7*t - 4982. Is t prime?
False
Let v(t) = -t**2 - 4*t - 3. Let w be v(-2). Let j(i) = 9*i**3 - i**2 + i - 1. Let f be j(w). Suppose -c + 3 = -f. Is c prime?
True
Let f = 11 - 7. Is (-1)/(0 + f/(-372)) a prime number?
False
Suppose 0*p - 15 = -5*p. Suppose 0*m = p*m - 1119. Is m composite?
False
Suppose q = -c + 115, -q - q + 206 = -4*c. Suppose 5*d - 6*d + q = 0. Is d prime?
False
Suppose -13*c + 32*c - 6878 = 0. Is c prime?
False
Let w(f) = f**3 - 10*f**2 + 13*f - 9. Let d be w(9). Let q = d - 16. Is q a composite number?
False
Suppose 0 = -3*d - 3*w + 444, -3*d + 264 = 5*w - 186. Is d composite?
True
Suppose -3*x - s + 4627 = 0, 4*x = 6*x + 2*s - 3082. Is x a composite number?
False
Let w(s) = 72*s**2 + 2*s - 1. Let a be 4/18 - 7/(-9). Let z be w(a). Let i = z - -4. Is i a composite number?
True
Let u be 9/12*8/1. Suppose 5*t - 19 = u. Suppose -t*i = n - 180, 0*n = -i - 3*n + 22. Is i prime?
True
Is 6336/28 + (-2)/7 - 3 a composite number?
False
Let c(t) = t**3 + 8*t**2 - 2*t + 7. Is c(-8) composite?
False
Let h(a) = -a**3 - 9*a**2 - 3*a + 7. Let j be h(-8). Let u = 4 - j. Is u composite?
False
Let h(f) = f - 2. Let c be h(2). Suppose -2*v + 4*v + 314 = c. Let n = 252 + v. Is n a prime number?
False
Is (6/(-5) + 2)*405 - 1 composite?
True
Let l(g) = -g**2 - 12*g - 4. Let m be l(-9). Let q = 34 - m. Is q a prime number?
True
Let i = -4 + 2. Let p = 5 + i. Is p a prime number?
True
Let s(h) = -5*h - 7. Is s(-12) composite?
False
Let p(m) = -7*m + 2. Let y be p(-2). Let l = -2 + 3. Is (y + l + -3)/2 prime?
True
Let v(s) = -2*s**3 - 7*s**2 - 5*s - 6. Let m be v(-5). Let i = m - 36. Is i a prime number?
False
Let n(f) = 7*f**2 + 1. Let k be n(-1). Let t = k + -5. Is t a composite number?
False
Suppose 3*p + b - 3581 = -b, -2*b + 2 = 0. Is p prime?
True
Let u(k) = -k**3 - 2*k**2 + 1. Is u(-3) a composite number?
True
Let a be ((-18)/45)/(1/(-5)). Suppose 0*f = -4*f + 3*y + 1321, a*f - 659 = 3*y. Is f prime?
True
Suppose 9*j = 4*j. Suppose -5*n - 37 = -8*n - 2*b, 2*b - 4 = j. Is n composite?
False
Let c = -231 + 389. Is c prime?
False
Let h be ((-7)/(-5))/((-2)/(-10)). Suppose 5*k + 3*o - 25 = h*o, 0 = 4*k + 3*o - 20. Suppose -p = -5*x + 242, -2*x + 7*x - 230 = k*p. Is x a composite number?
True
Let t(i) = -645*i + 43. Is t(-4) a prime number?
False
Let q = 5 + -3. Let n(d) = 3*d**3 + 3*d**2 - d - 1. Let p be n(q). Let v = 130 - p. Is v a prime number?
True
Suppose -2*i = -5*i + 12, 170 = 2*l - 5*i. Is l a composite number?
True
Suppose -4*s = 12 - 36. Let c(v) = 39*v - 1. Is c(s) composite?
False
Let m be 22/(-4)*1*16. Let b = 167 + m. Is b composite?
False
Is (-8)/12 - (-1439)/3 composite?
False
Let c(q) = -q**3 + 7*q**2 - 4*q - 1. Let i be c(6). Let j(b) = -7*b - 10*b + 3*b - i - b**2. Is j(-9) composite?
True
Let l be ((-24)/9 - -3)*9. Suppose l*p - 2*p - 110 = 0. Suppose -2*o = -2*c - p, -o - 3*c = -3*o + 110. Is o a composite number?
True
Suppose 664 = -2*d + 3*d + 5*u, 5*u + 3290 = 5*d. Is d prime?
True
Let k = -15 + 90. Let w = 137 - k. Is w composite?
True
Let a be 4/2 - 0/1. Let q(h) = 9*h**3 - 7*h**2 + 6*h - 4. Let s(f) = 8*f**3 - 6*f**2 + 5*f - 3. Let w(p) = -2*q(p) + 3*s(p). Is w(a) a composite number?
False
Let s(v) = -4*v - 9. Let b be 0 + -3 + -3 + 0. Is s(b) prime?
False
Let y(r) = 5*r**2 - 8*r - 7. Is y(-5) composite?
True
Suppose 26405 - 71440 = -5*k. Is k a prime number?
True
Is (8/(-3))/(-4) - 13775/(-15) a composite number?
False
Let i(w) = -190*w + 1. Let h be i(-2). Suppose -h = -7*j + 4*j. Is j prime?
True
Suppose -5*n + 3355 = 4*l, -2*n - 2*l = -678 - 664. Is n composite?
True
Suppose 0 = -8*a + 3*a + 255. Suppose 304 + a = 5*i. Is i a composite number?
False
Let r = -802 + 1343. Is r prime?
True
Suppose -653 = -2*o - 147. Is o a prime number?
False
Suppose -165 = 5*s - 445. Let a(n) = -n**3 - 6*n**2 - 6*n - 3. Let k be a(-5). Suppose s + 102 = k*y. Is y composite?
False
Let i(a) = 14*a + 5. Is i(2) prime?
False
Let z(u) = 181*u + 4. Let v be z(-5). Let b = -642 - v. Is b composite?
True
Let q(w) = 6*w**2 - 2*w + 5. Is q(6) prime?
False
Let i(v) = 6*v**3 + 5*v**2 - 4*v + 9. Is i(4) a composite number?
False
Suppose -c + 6*c = x - 268, 5*x - 1460 = c. Is x composite?
False
Let l be 6*((-6)/9)/(-2). Suppose 39 = l*y - 3. Is y a composite number?
True
Let s = 203 + -100. Is s composite?
False
Let r be (-2)/3 - 2406/(-18). Is -3*4*r/(-28) prime?
False
Suppose b = -2*f - 3*f + 15683, 0 = 5*f - 4*b - 15693. Is f prime?
True
Let b(j) = 5*j**2 + 16*j - 28. Is b(9) a prime number?
True
Let c = -54 - -287. Is c composite?
False
Let k be -13 + -1 + 3 + -1. Let y(q) = -13*q + 5. Is y(k) composite?
True
Let n be 3/(-15) - 122/(-10). Suppose 4*b - 56 + n = 0. Is b a composite number?
False
Let f be 0*1/(-2) + 3 + -29. Let s(i) = -i - 8. Let z be s(7). Let r = z - f. Is r prime?
True
Let m = 544 + -354. Let j = m + 21. Is j a composite number?
False
Suppose 4*b - 136 = 4*v, -95 - 6 = -3*b + 2*v. Is b composite?
True
Let j(l) = 2*l**2 + 5. Let d be (-6)/(-5)*(-10)/(-3). Is j(d) prime?
True
Let o(v) = 2*v - 7. Let p be o(-7). Let t = p + 29. Suppose 0 = 3*d - t - 4. Is d prime?
False
Let b be (-16)/(-10)*10/4. Suppose -6 = -2*y, m = b*m + y - 21. Suppose -389 = -5*q - g, 4*q - m*g - 292 = -2*g. Is q a composite number?
True
Let v = 1876 + -1275. Suppose v = 5*n - 69. Suppose 18 = 4*s - n. Is s prime?
False
Let n(g) be the third derivative of -g**6/120 + g**5/6 + 13*g**4/24 - g**2. Is n(11) composite?
True
Suppose -3*q = -q - 8. Suppose 35 = f - 5*c, -1 = -q*c - 9. Is f composite?
True
Suppose g + g = -6, -4*y - 2*g + 454 = 0. Is y a composite number?
True
Let f(p) = 2*p**2 - 10*p + 1. Suppose 24 = v + 2*v. Is f(v) a prime number?
False
Suppose 0*z - 44 = z. Suppose 322 = 4*i + 3*b, -4*b = i - 102 + 15. Let q = i + z. Is q a prime number?
False
Let t = -422 - -729. Is t prime?
True
Let p(a) = -4*a + 17. Let w be p(5). Is 290/(-12)*w*2 a prime number?
False
Let o be ((-26)/8)/((-3)/12). Let g = o + -8. Suppose 2*k - 1 = g. 